s digit of x?
2
Suppose -179353 = -4*n + 58867. What is the tens digit of n?
5
Let z(l) = 3*l + 69. Let i be z(-28). What is the hundreds digit of (-204)/(-10)*(5 + (-775)/i)?
1
Suppose -6*h - 52*h + 1624774 = 233818. What is the tens digit of h?
8
Suppose k = 7*k - 12. Suppose k*z - 226 = -4*p, -2*z + 116 = -4*p + 6*p. Let i = 237 - p. What is the tens digit of i?
8
Suppose -1778868 = -1092*w + 1014*w. What is the thousands digit of w?
2
What is the ten thousands digit of (-11)/(-25 + 26) - (3 - 79024)?
7
Let z(b) = 11*b**2 - 7*b + 18. Suppose -2*r = -4, -10*w + r + 25 = -7*w. What is the units digit of z(w)?
6
Let a(s) = 2483*s - 3169. What is the ten thousands digit of a(9)?
1
Let h(y) = -4*y**2 + 3*y**2 + 9*y + y + 0*y. Let l be h(8). What is the units digit of ((-44)/l)/(1/(-16))?
4
Let w = 239 - 237. Suppose w*i - 141 = 1043. What is the units digit of i?
2
Suppose 1508 = i - 2*p, -40*i + 44*i + 5*p - 6019 = 0. What is the units digit of i?
6
Let l(i) = -5678*i - 1572. What is the units digit of l(-6)?
6
Suppose 0 = -414*b + 13349432 + 12991753 + 235959. What is the tens digit of b?
9
Let v(o) = -132*o - 1436. What is the hundreds digit of v(-26)?
9
Let x(k) = 62*k**3 + 2*k**2 - 5*k + 3. Let a be x(2). Let g = a + -310. What is the tens digit of g?
8
Suppose -1063*b + 112 = -1056*b. Let g(z) be the third derivative of -z**6/120 + 17*z**5/60 - 13*z**4/24 + 3*z**3 + z**2. What is the tens digit of g(b)?
6
Let n = -1 - -6. Let y(u) be the second derivative of u**4/4 + 5*u**3/6 - 2*u**2 - 3*u + 90. What is the tens digit of y(n)?
9
Let r(a) = 548*a - 5688. What is the units digit of r(22)?
8
Suppose -414341 + 2708153 = 15*h + 119*h. What is the tens digit of h?
1
Let q = -155 - -164. Suppose q*h + 3*h - 4224 = 0. What is the tens digit of h?
5
Suppose -3*p + 9*v - 7*v - 1 = 0, -3*v = 4*p + 24. What is the units digit of 390 - 9/p*8/(-24)?
9
Suppose -q - 8 = -5*q, 5*n = -2*q + 319. What is the tens digit of (7 - n)/((-12)/258)?
0
Let v = -16016 - -20279. What is the tens digit of v?
6
Let m(r) = 13*r - 72. Let w be m(-8). Let b = w + 310. What is the units digit of b?
4
Let z = -12993 - -32774. What is the hundreds digit of z?
7
Suppose 306*t - 4*b = 309*t - 35760, 2*t = 2*b + 23826. What is the ten thousands digit of t?
1
What is the hundreds digit of 42/(110/18 + (-288)/48)?
3
Let h = 2039 - 1220. Suppose 0 = 9*u - h + 279. What is the units digit of u?
0
Suppose -16*d - 119908 = -33*d - 22957. What is the thousands digit of d?
5
Suppose -4*s - 55 = c, -5*c - 127 = 5*s + 73. What is the units digit of 20/c - (-4960)/7?
8
Let c(p) = -8*p**3 + 3 - 2*p + 5*p**3 + 0*p + 5*p**2 - 6*p**2. Let a be c(1). What is the hundreds digit of 1/(a/((-1755)/5))?
1
Suppose -15 = a - 5*c, -3*a + 4*a + 4*c = 12. Suppose -118 = -2*i + 4*l - 6*l, -i = -4*l - 74. Let f = i - a. What is the tens digit of f?
6
What is the tens digit of 7005/9*(-1392)/(-290)?
3
Let p(q) = -q**3 - 11*q**2 - 7*q + 22. Let u be p(-10). Let y(d) = -57*d - 18. What is the units digit of y(u)?
8
Suppose -610*v = -582*v - 1786400. What is the thousands digit of v?
3
Let j(t) = -41*t - 78 - 62 + 26. What is the units digit of j(-6)?
2
Suppose -9102151 - 9466149 = -739*q - 922458. What is the ten thousands digit of q?
2
Suppose 11 = y - 2*y. Let b(j) = -65 - 4*j + 0*j - 61 - 69 + 173. What is the units digit of b(y)?
2
Let p = -374 + 378. Suppose -4*y = s - 337, -4*s + p*y = 3*y - 1314. What is the tens digit of s?
2
Let d(c) = -c**2 - 9*c - 6. Let g be d(-5). Suppose -g*a + 480 = -11*a. What is the units digit of a?
0
Let q be (-529)/(-4) - (-3)/(-12). Suppose 114*h = 104*h - 760. Let d = h + q. What is the tens digit of d?
5
Let n(j) = 4*j**3 - 2*j**2 + 6. Let r be n(4). Let w be (r/25)/2 + (-2)/(-5). What is the tens digit of 13/(-65) + 56/w?
1
Let s = 3847 + -3547. Let l = 2 + 7. Suppose l*r - 402 = s. What is the tens digit of r?
7
Let c(i) be the third derivative of -i**5/60 - 47*i**4/24 - 38*i**3/3 - 59*i**2 + 1. What is the units digit of c(-23)?
6
Suppose -4*t + 4*f + 136 = 0, 2*t + 3*f - 2*f = 77. Suppose -t*l - 14*l = -14127. What is the units digit of l?
7
Let x be (15648/4)/6 - (-4)/(-5)*-10. Suppose 5*j = 2 + 53. Suppose -t - x = -j*t. What is the tens digit of t?
6
Suppose 12*b - 6*b - 1717 = 77. What is the tens digit of b?
9
Let h(v) = 11*v. Let j be h(-3). Suppose 29*d - 144 = -24*d + 17*d. What is the units digit of (-6)/d*550/j?
5
Suppose 4*b - 5*y - 20708 = -3*y, 4*y - 15575 = -3*b. What is the thousands digit of b?
5
Let p(q) = -q - 3. Let r be p(5). Let b be ((-2 - r)/1)/(6/93). Let t = 135 - b. What is the tens digit of t?
4
Suppose 10 = -5*c - 3*o - 9, 0 = 2*c + 4*o + 2. Let n(k) = -4*k**3 + k**2 - 4*k + 33. What is the tens digit of n(c)?
7
Suppose n + 4*l = 2096, 11*l + 4164 = 2*n + 12*l. What is the thousands digit of n?
2
What is the ten thousands digit of (-9 - 375/(-40))/(1/48088)?
1
Let k = 89290 + -46621. What is the thousands digit of k?
2
Let r(i) = 4*i**2 + 80*i + i**2 - 14 - 7*i**2 - i**2. What is the hundreds digit of r(25)?
1
Let q(f) = 253*f + 745. What is the units digit of q(19)?
2
Let s(z) = 2*z + 25. Suppose 2*k = d - 20, 4*k - 2*k + 36 = 5*d. Let r be s(k). What is the units digit of (-3)/(r/24*-1)?
8
Suppose 3*j + 523 - 1884 = -5*z, -920 = -2*j + 3*z. Let x = j + -31. What is the units digit of x?
6
Let k(j) = -2*j**3 - 2*j**2 - 10*j + 18. Let f be k(-8). Suppose f = 3*q - 8. Suppose 5*u - 4*c - c = 340, 0 = -5*u + 3*c + q. What is the tens digit of u?
6
Suppose 0 = -2*r - 5*f + 27, 2*f = 6*f - 20. Let l be 18/(-9) - (r - (2 + -2)). What is the units digit of 15 - -153 - (l + -1)?
2
Let o(k) = 200*k - 1815. What is the units digit of o(16)?
5
Suppose 0 = -255*p + 14100418 - 4625128. What is the units digit of p?
8
Suppose 2*f - 19205 = -5*s, -4*f - 4*s = -9879 - 28549. What is the tens digit of f?
1
Let w be 1/((10/4)/5). Suppose -w*v - 24 = -358. Let k = -92 + v. What is the tens digit of k?
7
Let t be 5585*24/40 + 4. What is the hundreds digit of (-5 - 1)/((-110)/t)?
1
Let o(n) = 185*n**2. Let f be o(3). Suppose -q - f = -5*s, 0*s - 4*q - 352 = -s. What is the tens digit of s?
3
What is the thousands digit of ((-48)/(-90)*5 - 2)/((-2)/(-55107))?
8
Suppose 1104 = 6*i - 29*i. What is the tens digit of (i/(-27))/8 + (-7718)/(-18)?
2
Let q(y) = -y**3 - 10*y**2 - 2*y + 19. Suppose -6*a - 82 = -16. What is the units digit of q(a)?
2
Let o = 987 - 616. Suppose 31 = 3*p - 10*r + 11*r, 5*p - 61 = 3*r. Suppose p*s = o - 96. What is the units digit of s?
5
Let k(b) = 2*b**2 + 21*b - 24. Let c be k(-14). Suppose 4*q + 4*w - 1458 = c, -q - 5*w = -367. What is the units digit of q?
7
Let r(u) = -u**3 - 3*u**2 - 2*u + 3. Let p be r(-3). Suppose -6*w - 63 = -p*w. Let j = w - -18. What is the tens digit of j?
3
Let x(j) be the first derivative of -j**4/4 - 5*j**3 - j**2/2 - 13*j + 21. Let n be x(-15). What is the units digit of (-5*28)/(-2) + n + 1?
3
Suppose 6*t = 5*t + 1876. Suppose -2*j = 5*j - t. What is the units digit of j/8*(3 - 1)?
7
Suppose 0 = -2*n + 11 - 19, 2*j + n - 2278 = 0. What is the hundreds digit of j?
1
Let b be (136/(-102))/(4/(-9)). Suppose -3*a = -o - 0*o + 67, 3*a = b. What is the tens digit of o?
7
Let m(n) = 114*n**2 + 655*n - 23. What is the tens digit of m(13)?
5
Let z be 2/(-3) + (80/12 - 1). Let x be 4/1*-2*z/(-10). Suppose -2*d + 6*d = -3*j + 201, 2*d = x*j - 290. What is the units digit of j?
1
Suppose -7*h - 969 = -24*h. Suppose 0 = 2*w + 10, 5*w = -5*p + h + 83. What is the tens digit of p?
3
Let k be ((-4)/(-6))/((-1)/(9/6)). Let w be (k - -2)/(1/7). What is the units digit of 8/1 + (w - 2 - 5)?
8
Let z be -20*((-36)/(-30))/(-6). Suppose 2*v = -z*y + 1942, 0 = 5*v - 8*y + 10*y - 4855. What is the hundreds digit of v?
9
Let q be ((-30)/4)/(7/(-70)). Let s(o) = 2*o**3 - 6*o**2 - 15*o + 3. Let v be s(6). Let u = v - q. What is the tens digit of u?
5
Let x(p) be the second derivative of 533*p**5/20 - p**4/12 + 2*p**3/3 - p**2 - 4*p + 22. What is the units digit of x(1)?
4
Let v(t) = 41*t - 398. What is the units digit of v(16)?
8
What is the hundreds digit of (118/16 + 7/56)*285024/120?
8
Let v(c) = 8*c**2 + 13*c - 30. Let a(d) = 2*d**2 + d - 1. Let k be a(-4). Let p = -22 + k. What is the tens digit of v(p)?
3
Let z(i) = 36*